hen 556 is divided by 200.
156
Calculate the remainder when 788 is divided by 18.
14
Calculate the remainder when 1435 is divided by 26.
5
What is the remainder when 230 is divided by 26?
22
What is the remainder when 13 is divided by 9?
4
What is the remainder when 953 is divided by 53?
52
What is the remainder when 46 is divided by 25?
21
Calculate the remainder when 418 is divided by 21.
19
Calculate the remainder when 519 is divided by 4.
3
What is the remainder when 89 is divided by 48?
41
Calculate the remainder when 333 is divided by 42.
39
Calculate the remainder when 3085 is divided by 613.
20
What is the remainder when 678 is divided by 17?
15
Calculate the remainder when 660 is divided by 211.
27
What is the remainder when 262 is divided by 196?
66
What is the remainder when 13911 is divided by 37?
36
What is the remainder when 707 is divided by 142?
139
What is the remainder when 12 is divided by 12?
0
Calculate the remainder when 210 is divided by 200.
10
Calculate the remainder when 396 is divided by 123.
27
What is the remainder when 540 is divided by 20?
0
Calculate the remainder when 25077 is divided by 20.
17
Calculate the remainder when 28 is divided by 3.
1
What is the remainder when 2173 is divided by 15?
13
Calculate the remainder when 116 is divided by 7.
4
What is the remainder when 6205 is divided by 124?
5
What is the remainder when 472 is divided by 69?
58
What is the remainder when 385 is divided by 1?
0
Calculate the remainder when 246 is divided by 63.
57
What is the remainder when 2574 is divided by 68?
58
Calculate the remainder when 382 is divided by 67.
47
Calculate the remainder when 19 is divided by 18.
1
Calculate the remainder when 344 is divided by 88.
80
What is the remainder when 165 is divided by 22?
11
Calculate the remainder when 344 is divided by 1.
0
What is the remainder when 5 is divided by 2?
1
Calculate the remainder when 1565 is divided by 28.
25
What is the remainder when 559 is divided by 27?
19
What is the remainder when 1943 is divided by 138?
11
What is the remainder when 2555 is divided by 28?
7
What is the remainder when 537 is divided by 54?
51
Calculate the remainder when 178 is divided by 50.
28
Calculate the remainder when 10207 is divided by 116.
115
Calculate the remainder when 4054 is divided by 99.
94
What is the remainder when 365 is divided by 9?
5
Calculate the remainder when 1432 is divided by 57.
7
What is the remainder when 1605 is divided by 11?
10
What is the remainder when 71 is divided by 33?
5
What is the remainder when 851 is divided by 35?
11
Calculate the remainder when 59 is divided by 15.
14
What is the remainder when 31469 is divided by 11?
9
Calculate the remainder when 8 is divided by 1.
0
Calculate the remainder when 157 is divided by 66.
25
What is the remainder when 861 is divided by 17?
11
What is the remainder when 215 is divided by 39?
20
Calculate the remainder when 137 is divided by 77.
60
What is the remainder when 760 is divided by 139?
65
Calculate the remainder when 1452 is divided by 357.
24
Calculate the remainder when 939 is divided by 232.
11
What is the remainder when 133 is divided by 8?
5
What is the remainder when 7833 is divided by 12?
9
Calculate the remainder when 107 is divided by 63.
44
Calculate the remainder when 599 is divided by 57.
29
Calculate the remainder when 477 is divided by 24.
21
Calculate the remainder when 376 is divided by 20.
16
What is the remainder when 633 is divided by 60?
33
What is the remainder when 147 is divided by 52?
43
Calculate the remainder when 1389 is divided by 441.
66
What is the remainder when 302 is divided by 46?
26
Calculate the remainder when 9 is divided by 7.
2
Calculate the remainder when 90 is divided by 35.
20
Calculate the remainder when 926 is divided by 83.
13
Calculate the remainder when 631 is divided by 194.
49
What is the remainder when 319 is divided by 83?
70
Calculate the remainder when 19 is divided by 3.
1
What is the remainder when 186 is divided by 11?
10
What is the remainder when 83 is divided by 28?
27
What is the remainder when 363 is divided by 117?
12
Calculate the remainder when 205 is divided by 69.
67
What is the remainder when 173 is divided by 22?
19
Calculate the remainder when 333 is divided by 42.
39
What is the remainder when 9046 is divided by 52?
50
Calculate the remainder when 327 is divided by 41.
40
Calculate the remainder when 4643 is divided by 27.
26
What is the remainder when 1140 is divided by 234?
204
What is the remainder when 2727 is divided by 907?
6
What is the remainder when 11452 is divided by 19?
14
What is the remainder when 7063 is divided by 202?
195
What is the remainder when 32 is divided by 20?
12
What is the remainder when 45 is divided by 24?
21
What is the remainder when 50 is divided by 11?
6
What is the remainder when 15675 is divided by 234?
231
Calculate the remainder when 4185 is divided by 79.
77
What is the remainder when 2560 is divided by 45?
40
What is the remainder when 61 is divided by 2?
1
What is the remainder when 62400 is divided by 33?
30
Calculate the remainder when 45 is divided by 30.
15
Calculate the remainder when 56 is divided by 28.
0
What is the remainder when 16923 is divided by 182?
179
Calculate the remainder when 148 is divided by 15.
13
Calculate the remainder when 110 is divided by 100.
10
Calculate the remainder when 74 is divided by 52.
22
What is the remainder when 2566 is divided by 1274?
18
Calculate the remainder when 497 is divided by 55.
2
Calculate the remainder when 134 is divided by 32.
6
Calculate the remainder when 895 is divided by 81.
4
What is the remainder when 135 is divided by 26?
5
What is the remainder when 3285 is divided by 103?
92
What is the remainder when 173 is divided by 65?
43
Calculate the remainder when 121 is divided by 57.
7
Calculate the remainder when 5094 is divided by 170.
164
Calculate the remainder when 1349 is divided by 215.
59
Calculate the remainder when 84 is divided by 26.
6
What is the remainder when 3033 is divided by 12?
9
What is the remainder when 299 is divided by 192?
107
What is the remainder when 407 is divided by 202?
3
Calculate the remainder when 141 is divided by 24.
21
Calculate the remainder when 634 is divided by 208.
10
Calculate the remainder when 84 is divided by 30.
24
What is the remainder when 1704 is divided by 244?
240
Calculate the remainder when 395 is divided by 36.
35
Calculate the remainder when 49 is divided by 39.
10
Calculate the remainder when 498 is divided by 129.
111
Calculate the remainder when 175 is divided by 23.
14
What is the remainder when 443 is divided by 136?
35
What is the remainder when 34 is divided by 5?
4
Calculate the remainder when 5663 is divided by 183.
173
Calculate the remainder when 267 is divided by 66.
3
Calculate the remainder when 356 is divided by 90.
86
Calculate the remainder when 30 is divided by 17.
13
Calculate the remainder when 3899 is divided by 15.
14
What is the remainder when 300 is divided by 158?
142
What is the remainder when 110 is divided by 101?
9
Calculate the remainder when 460 is divided by 33.
31
What is the remainder when 387 is divided by 75?
12
Calculate the remainder when 1305 is divided by 11.
7
What is the remainder when 154 is divided by 49?
7
What is the remainder when 254 is divided by 86?
82
What is the remainder when 609 is divided by 41?
35
What is the remainder when 119 is divided by 69?
50
Calculate the remainder when 511 is divided by 19.
17
Calculate the remainder when 1625 is divided by 34.
27
What is the remainder when 130 is divided by 22?
20
What is the remainder when 374 is divided by 27?
23
Calculate the remainder when 2395 is divided by 73.
59
What is the remainder when 543 is divided by 203?
137
What is the remainder when 51 is divided by 43?
8
Calculate the remainder when 96 is divided by 86.
10
Calculate the remainder when 90 is divided by 26.
12
What is the remainder when 985 is divided by 19?
16
What is the remainder when 2801 is divided by 13?
6
Calculate the remainder when 1878 is divided by 19.
16
What is the remainder when 103 is divided by 38?
27
Calculate the remainder when 2249 is divided by 25.
24
Calculate the remainder when 112 is divide